y) = 2*y + 2. Suppose -x + 10 = 2*p - 2, -p = 3*x - 11. Suppose p*d + 2*s + 22 = 0, -3*s + 2 = -4*d - 11. Calculate l(d).
-6
Let p(a) be the first derivative of 3/2*a**2 - 8*a + 12. Give p(6).
10
Let n(w) = 7*w + 17. Let x(p) = -11*p - 27. Let r(o) = -8*n(o) - 5*x(o). Calculate r(-1).
0
Suppose 12*u + 5*l = 8*u + 44, 4*u - 3*l = 12. Let n(m) = m**3 - 7*m**2 + 6*m + 3. Determine n(u).
3
Let m(o) = 11. Let r(c) = 4*c - 6. Let n(q) = m(q) - r(q). Determine n(7).
-11
Let c(n) = -9*n - 8 + 10*n + 2*n + 22. What is c(-7)?
-7
Let y(u) = 2*u - 54. Let p be y(27). Let d(z) = z**3 + 11. What is d(p)?
11
Let s(j) = -9*j - 2. Let y(n) = -6*n**3 + 3*n**2 - n - 1. Let k be y(1). Let v be s(k). Let d(l) = v - l + 29 - 81. Give d(-5).
-4
Let g(d) = -6*d + 1. Let m(h) = 7*h + 1. Let y(l) = -5*g(l) - 4*m(l). Give y(9).
9
Suppose -24 - 12 = -4*q + 3*u, 4*q = -u + 20. Let c(m) = -m**3 + 7*m**2 - 4*m - 3. What is c(q)?
9
Let j(x) = x - 12. Let t be j(12). Let w(g) = g - 4 + t*g - 3*g + 3*g. Calculate w(3).
-1
Let f(p) = p + 2. Let a be f(-8). Let j(d) = 3*d**2 + 3*d**2 + 1 - 3*d - 2*d**2 - 5*d**2 + 0*d**2. Determine j(a).
-17
Let g(s) = 4*s + 46 + 52 + 38 - 123 + 4*s. Calculate g(-2).
-3
Let o be ((-1)/(-8))/(-14 - (-222)/16). Let b(p) = -12*p**3 + 2*p + 2*p - 5*p. Determine b(o).
13
Let x(d) = d - 4*d + d - 7. Let h(t) = 3*t**2 + 20*t + 1. Let s(o) = 4*o**2 + 21*o. Let f(y) = -5*h(y) + 4*s(y). Let u be f(16). Give x(u).
3
Let u(z) be the second derivative of z**4/12 - 4*z**3/3 - 3*z**2 - 111*z. Give u(11).
27
Let f(d) = 3 - 3 + d**3 + d + 54*d**2 + 4 - 48*d**2. Let u(m) = -m**2 - 9*m - 1. Let w be u(-9). Let j = -7 - w. What is f(j)?
-2
Let x be (18/(-21))/((-1)/(-7)). Let b(v) = -7*v + 38*v**2 + 1 + 2 - 44*v**2 + 1. Let l(r) = 7*r**2 + 8*r - 4. Let m(k) = x*b(k) - 5*l(k). Give m(-4).
4
Let u = -259 + 265. Let f(x) = -x**3 + 4*x**2 + 13*x - 6. Calculate f(u).
0
Let u(o) be the second derivative of -o**5/20 + o**4/4 - 2*o**3/3 + 2*o**2 - 109*o. Give u(3).
-8
Let g be (9/2)/((-16)/((-576)/(-27))). Let o(j) = 5*j + 1. Determine o(g).
-29
Let a(k) = -331 - k - k**2 + 331. Calculate a(0).
0
Let l(u) = -3*u + 1. Suppose 3*c + 8 + 55 = 0. Let r be (-12)/c + 8/(-14). Suppose -2*y + 5*k = 10, r = -4*y + 5*k - 3*k + 12. Give l(y).
-14
Let c(l) = -l**2 + 7*l - 3. Suppose -3*k - 11 = -20. Let u be (-320)/(-48) - (-1)/k. Determine c(u).
-3
Let o(r) = 2*r**2. Let k(u) = 18*u - 20. Let q be k(1). Determine o(q).
8
Let b(j) = j**2 + j + 1. Let z(h) = 3*h**2 + 7*h + 3. Let g(n) = 4*b(n) - z(n). Suppose 0 = -2*y + 3 + 7. Give g(y).
11
Let g(i) = -11*i**3 + i + 1. Let d be 2 - (6 + -11) - 8. Give g(d).
11
Suppose -20*d + 15*d = -720. Let p = 11 - 1. Let m be d/40 - (-4)/p. Let j(f) = 2*f - 5. What is j(m)?
3
Let t(z) = z**2 - 8*z - 3. Let n be -2 + (4 - -4) - 0. Calculate t(n).
-15
Let d(g) = -47*g. Suppose 0 = -25*c - 637 + 662. Determine d(c).
-47
Let i(r) = 7 + 8 - 13 + r - 3*r. Give i(8).
-14
Let h(p) = 2*p**2 + p + 2. Let b(f) = -10*f**2 - 13*f - 10. Let c(i) = b(i) + 7*h(i). What is c(4)?
44
Let s = 39 + -27. Let w = s - 9. Let o(a) = w*a + a - a. Determine o(-4).
-12
Let h(v) = -v**3 - 7*v**2 + 8*v + 2. Let b be h(-8). Suppose r + b*a = -2*r + 11, 5*a - 14 = -3*r. Let y(g) = g**2 + 1. Determine y(r).
10
Let c(f) = 2*f**2 + 75*f + 36. Let j be c(-37). Let d(s) = 10*s - 1. What is d(j)?
-11
Let g(a) be the second derivative of -a**5/20 - 5*a**4/4 + 3*a**3 + 15*a**2 - 29*a. Let u be g(-16). Let l(v) = -6*v + 1. Determine l(u).
13
Let f = 9 - 3. Suppose -f*g = -10*g. Let y(z) = -21 + 20 + g*z - z. What is y(5)?
-6
Let a(j) = -9*j + 752 + 756 + j**2 - 1501. Give a(7).
-7
Suppose 3*f + 2*f + 12 = -2*r, r + f = 0. Let h(v) = 3*v**2 + 6*v - 1. Let m(j) = j**2 + j. Let d(q) = r*m(q) - h(q). Determine d(-4).
25
Let x(z) be the second derivative of -z**5/20 + z**4/12 + 2*z**3/3 + 3*z**2/2 - 26*z + 8. Calculate x(-2).
7
Let h(k) = -4*k - 11. Let m be h(-12). Let z = 42 - m. Let g(u) = -u**3 + 5*u**2 - 5. Determine g(z).
-5
Let o = -26 - -31. Let i(k) = 6*k - k - k + o - 10. Let m = -5 + 10. Give i(m).
15
Let n(c) = -2 + c**2 - 2*c**2 - 2*c + 0*c + 2*c**2. Let i(l) = -l - 7. Let b be i(-5). Let v be 3/(-6) + (-9)/b. Determine n(v).
6
Suppose 0 = 4*h + 12, -24 = -d - 3*d + 4*h. Suppose 3*a - 4 = -2*t, 5*a - d*t + 6 - 19 = 0. Let m(r) = -3*r**2 + 2*r. Determine m(a).
-8
Let c(k) be the second derivative of -k**5/60 - k**4/24 + 13*k**3/6 - k**2 + 15*k. Let n(x) be the first derivative of c(x). Give n(0).
13
Let p(s) = s**3 - 8*s**2 + 9*s - 13. Let o be p(7). Let w(n) be the first derivative of 0*n - 17/4*n**4 + 2 + 0*n**3 + 0*n**2. What is w(o)?
-17
Let k = -2 + 25. Suppose 5*t + 0*h - k = 4*h, 3*t = -3*h + 3. Let r(w) = 2*w + 2. Calculate r(t).
8
Let x be (4 + (3 - 4))/(-2)*6. Let f(t) = t**2 + 4*t - 51. Determine f(x).
-6
Suppose -3*x = -4*s - 0*x - 39, 5*x + 15 = 0. Let g(h) = -h**2 - 17*h - 54. Let j be g(s). Let l(o) = -o**3 + 7*o**2 - 8*o + 8. Give l(j).
-4
Let r(y) = y**3 - 4*y**2 + 3*y. Suppose -s - 359 = 3*s + 5*j, 3*s = -5*j - 268. Let g = s - -93. Determine r(g).
-2
Let f(t) = 4 + 9*t + t**2 - 9 + 0 - 8. Let i be f(-10). Let a(c) = 5*c**2 + c - 1. Let b(r) = 14*r**2 + 4*r - 3. Let m(p) = 8*a(p) - 3*b(p). Calculate m(i).
-5
Let z = -49 - -49. Let q(v) be the first derivative of -v**2/2 + 22*v - 20. Calculate q(z).
22
Let r be -2 + (13 - (4 - -12)). Let x(g) be the second derivative of g**5/20 + g**4/2 + 5*g**3/6 + g**2/2 - g. Determine x(r).
1
Let f(x) = -x**2 - 11*x + 2. Suppose -23*b - 401 = -148. Give f(b).
2
Let n(g) = -g**2 + 8 - 4*g - 9 + 3. Suppose 73*l + 5 = 72*l. Calculate n(l).
-3
Suppose -7 + 2 = -2*c - d, 4*c - 4*d + 20 = 0. Let m = 7 - 4. Let t(i) = -m + 0*i - 7 - i. Determine t(c).
-10
Suppose -2*q = -6*q + 2*m + 10, 3*q - m - 6 = 0. Let h(i) = -44*i**2 - i. Determine h(q).
-45
Let w(l) = 3*l - 13. Let n be (-72)/(-66)*11/2. Give w(n).
5
Let c(k) = -k**2 + 8*k - 5. Let i(n) = 2*n**2 - 16*n + 11. Let z(s) = 7*c(s) + 4*i(s). Let m(t) = -t + 1. Let x(h) = -22*m(h) + 2*z(h). Determine x(-5).
16
Let a(x) = -x**3 + x**2 + 2*x. Let n(s) = s**3 - 14*s**2 + 24*s + 1. Let m(c) = 2*a(c) + n(c). Calculate m(-14).
1
Let n(r) = 11*r**2 + 4*r + 2. Let o(z) = 14*z**2 + 5*z + 2. Let x(w) = 5*n(w) - 4*o(w). Determine x(-2).
-2
Let r(w) = 0*w - 2 + 3 + 1 - w**3 + 6*w - 2*w**2. Suppose -6*k + k = 25, 4*k + 28 = -2*i. Give r(i).
10
Let k(b) = -6*b + 9*b - 2*b + 3. Let s = -36 - -60. Let n be 1*3 - s/4. Give k(n).
0
Let z = 23 + -20. Let u(c) be the first derivative of -c**4/4 + 2*c**3/3 + 4*c + 9. Determine u(z).
-5
Let j(c) = c - 2. Let m be j(4). Let w(f) = -3 - 4*f**2 + 4*f + 2*f**3 - 4*f**2 + 14*f**2 - 10*f**2. Give w(m).
5
Let z = 200 - 203. Let m(h) be the first derivative of 2*h**3/3 + 3*h**2/2 - 3*h + 3. What is m(z)?
6
Let n(f) = -f**2 - 9*f - 7. Let a be n(-8). Suppose 5 + 31 = -6*i. Let k(o) = -5*o**2 + 7. Let z(p) = -p**2 + 1. Let t(x) = i*z(x) + k(x). Calculate t(a).
2
Let g(t) = 2*t - t**3 + 6*t**2 + 1 - 10*t**2 + 6*t - 9*t + 3*t**2. Let r = 5 - 3. Determine g(r).
-13
Let l = 2 + -3. Let c(j) = 1. Let h(t) = -t + 2. Let s(y) = -c(y) + h(y). Let i(m) = 1. Let o(q) = l*s(q) - i(q). Determine o(-5).
-7
Let o(v) = 3*v**2 - 5. Let n(m) = -m**3 - 4*m**2 + 11*m - 2. Let b be n(-6). Give o(b).
43
Suppose -5*w = 15, 0 = 3*x - 2*x - 2*w - 8. Suppose -3*s + 12 = -3*f, -7*s - 4*f + 2 = -x*s. Let k(v) = v**2 + 0 - s - v + 4 - 7*v. Determine k(6).
-10
Let s(w) = 15*w - 1. Let x = -1513 - -1515. Determine s(x).
29
Let y(l) be the third derivative of l**4/24 + l**3/6 + 135*l**2. Give y(-6).
-5
Let a(m) = 2*m**3 + 1 + 4416*m - 4416*m. What is a(1)?
3
Let g(z) = -z**2 + 7*z + 2. Suppose -269 + 53 = -36*x. What is g(x)?
8
Let k(n) = 9*n + 19. Let g(j) = -5*j - 10. Let f(s) = -7*g(s) - 4*k(s). Let m(d) = -4*d - 5. Let u be m(-12). Let p = u - 48. Calculate f(p).
-1
Let v(z) be the second derivative of z**3/6 + z**2/2 + z. Suppose -m + 15 = 2*f, -2*f - 108 = -3*m - 39. Let q be 0/(78/m - 6/(-21)). Give v(q).
1
Let o(i) = -36*i**3 - 4*i - 33*i**3 + 71*i**3 + 3*i**2. Determine o(-4).
-64
Let y(l) = -l**3 + 10*l**2 - 7*l - 11. Let o = -345 + 354. Determine y(o).
7
Let g(h) = h - 4. Let k(i) = i - 19. Let p(t) = -t + 8. Let v be p(-8). Let b be k(v). Determine g(b).
-7
Suppose -k = -6*k + 20. 